he tens digit of 456?
5
What is the ten thousands digit of 10288?
1
What is the tens digit of 647?
4
What is the hundreds digit of 2244?
2
What is the ten thousands digit of 18282?
1
What is the thousands digit of 24738?
4
What is the hundreds digit of 64750?
7
What is the units digit of 8364?
4
What is the tens digit of 1333?
3
What is the hundreds digit of 274?
2
What is the tens digit of 113848?
4
What is the units digit of 1444?
4
What is the thousands digit of 27351?
7
What is the thousands digit of 25804?
5
What is the thousands digit of 22955?
2
What is the units digit of 2233?
3
What is the hundreds digit of 792?
7
What is the thousands digit of 71825?
1
What is the tens digit of 26587?
8
What is the thousands digit of 1738?
1
What is the thousands digit of 21834?
1
What is the thousands digit of 19129?
9
What is the units digit of 13723?
3
What is the thousands digit of 47298?
7
What is the hundreds digit of 1154?
1
What is the thousands digit of 8892?
8
What is the ten thousands digit of 75821?
7
What is the thousands digit of 2801?
2
What is the units digit of 150609?
9
What is the units digit of 64?
4
What is the hundreds digit of 29739?
7
What is the tens digit of 8688?
8
What is the units digit of 22285?
5
What is the units digit of 10056?
6
What is the tens digit of 18?
1
What is the units digit of 96?
6
What is the hundreds digit of 2256?
2
What is the tens digit of 85963?
6
What is the tens digit of 8635?
3
What is the ten thousands digit of 35205?
3
What is the hundreds digit of 611?
6
What is the thousands digit of 2955?
2
What is the tens digit of 3417?
1
What is the units digit of 6662?
2
What is the ten thousands digit of 79087?
7
What is the tens digit of 3891?
9
What is the thousands digit of 17819?
7
What is the tens digit of 314?
1
What is the tens digit of 117984?
8
What is the thousands digit of 124274?
4
What is the units digit of 671?
1
What is the hundreds digit of 9706?
7
What is the units digit of 12022?
2
What is the thousands digit of 11199?
1
What is the hundreds digit of 173?
1
What is the tens digit of 16552?
5
What is the units digit of 274?
4
What is the tens digit of 40062?
6
What is the thousands digit of 3187?
3
What is the units digit of 543?
3
What is the tens digit of 1296?
9
What is the hundreds digit of 21471?
4
What is the thousands digit of 4917?
4
What is the thousands digit of 36920?
6
What is the thousands digit of 52015?
2
What is the hundreds digit of 4202?
2
What is the hundreds digit of 2211?
2
What is the tens digit of 2900?
0
What is the units digit of 16125?
5
What is the tens digit of 25710?
1
What is the hundreds digit of 7051?
0
What is the hundreds digit of 338?
3
What is the hundreds digit of 48937?
9
What is the units digit of 586?
6
What is the hundreds digit of 1893?
8
What is the units digit of 88?
8
What is the tens digit of 61269?
6
What is the tens digit of 2044?
4
What is the tens digit of 1561?
6
What is the thousands digit of 15989?
5
What is the units digit of 101480?
0
What is the tens digit of 9627?
2
What is the tens digit of 17272?
7
What is the hundreds digit of 955?
9
What is the units digit of 102694?
4
What is the hundreds digit of 1768?
7
What is the units digit of 964?
4
What is the ten thousands digit of 35050?
3
What is the tens digit of 10238?
3
What is the units digit of 298?
8
What is the tens digit of 6611?
1
What is the thousands digit of 5042?
5
What is the units digit of 441?
1
What is the units digit of 33658?
8
What is the tens digit of 1886?
8
What is the hundreds digit of 394?
3
What is the units digit of 14107?
7
What is the thousands digit of 35051?
5
What is the hundreds digit of 960?
9
What is the hundreds digit of 9485?
4
What is the units digit of 31441?
1
What is the thousands digit of 2823?
2
What is the units digit of 1322?
2
What is the units digit of 419?
9
What is the hundreds digit of 584?
5
What is the hundreds digit of 646?
6
What is the thousands digit of 83575?
3
What is the units digit of 982?
2
What is the tens digit of 945?
4
What is the thousands digit of 4432?
4
What is the tens digit of 5796?
9
What is the ten thousands digit of 56374?
5
What is the thousands digit of 4650?
4
What is the thousands digit of 3065?
3
What is the tens digit of 822?
2
What is the thousands digit of 4601?
4
What is the hundreds digit of 592?
5
What is the ten thousands digit of 14603?
1
What is the units digit of 37947?
7
What is the units digit of 3673?
3
What is the thousands digit of 1669?
1
What is the thousands digit of 1086?
1
What is the thousands digit of 1839?
1
What is the hundreds digit of 551?
5
What is the tens digit of 14646?
4
What is the tens digit of 5586?
8
What is the units digit of 32475?
5
What is the hundreds digit of 98763?
7
What is the tens digit of 898?
9
What is the tens digit of 1105?
0
What is the tens digit of 11284?
8
What is the thousands digit of 159456?
9
What is the tens digit of 2303?
0
What is the tens digit of 105422?
2
What is the units digit of 61?
1
What is the ten thousands digit of 34710?
3
What is the thousands digit of 15353?
5
What is the units digit of 6696?
6
What is the hundreds digit of 2760?
7
What is the units digit of 1474?
4
What is the tens digit of 7346?
4
What is the tens digit of 5332?
3
What is the hundreds digit of 374?
3
What is the tens digit of 4255?
5
What is the thousands digit of 1044?
1
What is the units digit of 7350?
0
What is the ten thousands digit of 53848?
5
What is the thousands digit of 33010?
3
What is the tens digit of 5022?
2
What is the ten thousands digit of 52050?
5
What is the hundreds digit of 985?
9
What is the units digit of 2554?
4
What is the units digit of 1373?
3
What is the units digit of 847?
7
What is the ten thousands digit of 65371?
6
What is the units digit of 2430?
0
What is the hundreds digit of 17772?
7
What is the thousands digit of 22292?
2
What is the thousands digit of 2296?
2
What is the thousands digit of 16934?
6
What is the thousands digit of 30237?
0
What is the thousands digit of 2809?
2
What is the hundreds digit of 1261?
2
What is the tens digit of 14602?
0
What is the ten thousands digit of 26948?
2
What is the tens digit of 16725?
2
What is the hundreds digit of 3432?
4
What is the tens digit of 739?
3
What is the hundreds digit of 12254?
2
What is the units digit of 112?
2
What is the tens digit of 49?
4
What is the thousands digit of 1539?
1
What is the thousands digit of 2518?
2
What is the tens digit of 1284?
8
What is the units digit of 1329?
9
What is the hundreds digit of 81412?
4
What is the thousands digit of 1075?
1
What is the thousands digit of 2127?
2
What is the units digit of 1061?
1
What is the thousands digit of 3596?
3
What is the thousands digit of 7279?
7
What is the thousands digit of 87158?
7
What is the thousands digit of 2808?
2
What is the tens digit of 332?
3
What is the tens digit of 992?
9
What is the thousands digit of 1880?
1
What is the thousands digit of 28977?
8
What is the tens digit of 865?
6
What is the units digit of 1131?
1
What is the tens digit of 308?
0
What is the hundreds digit of 25478?
4
What is the units digit of 15842?
2
What is the thousands digit of 8232?
8
What is the units digit of 15159?
9
What is the hundreds digit of 5950?
9
What is the tens digit of 15448?
4
What is the units digit of 592?
2
What is the units digit of 52925?
5
What is the hundreds digit of 1609?
6
What is the tens digit of 1621?
2
What is the ten thousands digit of 42667?
4
What is the tens digit of 193?
9
What is the tens digit of 3601?
0
What is the hundreds digit of 64253?
2
What is the thousands digit of 5635?
5
What is the thousands digit of 37296?
7
What is the tens digit of 1299?
9
What is the thousands digit of 38623?
8
What is the thousands digit of 28496?
8
What is the tens digit of 1784?
8
What is the units digit of 25687?
7
What is the thousands digit of 152691?
2
What is the hundreds digit of 169?
1
What is the hundreds digit of 3612?
6
What is the tens digit of 347?
4
What is the tens digit of 1327?
2
What is the thousands digit of 67255?
7
What is the hundreds digit of 774?
7
What is the tens digit of 33189?
8
What is the units digit of 36214?
4
What is the tens digit of 458?
5
What is the units 